{"id":11104,"date":"2022-10-05T10:21:25","date_gmt":"2022-10-05T10:21:25","guid":{"rendered":"https:\/\/satechmanutencao.com.br\/?page_id=11104"},"modified":"2023-08-03T08:19:29","modified_gmt":"2023-08-03T08:19:29","slug":"products","status":"publish","type":"page","link":"https:\/\/satechmanutencao.com.br\/?page_id=11104","title":{"rendered":"Produtos"},"content":{"rendered":"\t\t<div data-elementor-type=\"wp-page\" data-elementor-id=\"11104\" class=\"elementor elementor-11104\">\n\t\t\t\t\t\t<section class=\"elementor-section elementor-top-section elementor-element elementor-element-8960673 elementor-section-full_width elementor-section-stretched elementor-section-height-default elementor-section-height-default\" data-id=\"8960673\" data-element_type=\"section\" data-e-type=\"section\" data-settings=\"{&quot;stretch_section&quot;:&quot;section-stretched&quot;,&quot;background_background&quot;:&quot;classic&quot;}\">\n\t\t\t\t\t\t<div class=\"elementor-container elementor-column-gap-no\">\n\t\t\t\t\t<div class=\"elementor-column elementor-col-100 elementor-top-column elementor-element elementor-element-081854d top column-style-top\" data-id=\"081854d\" data-element_type=\"column\" data-e-type=\"column\">\n\t\t\t<div class=\"elementor-widget-wrap elementor-element-populated\">\n\t\t\t\t\t\t<div class=\"elementor-element elementor-element-b25c7cd elementor-widget elementor-widget-heading\" data-id=\"b25c7cd\" data-element_type=\"widget\" data-e-type=\"widget\" data-widget_type=\"heading.default\">\n\t\t\t\t<div class=\"elementor-widget-container\">\n\t\t\t\t\t<h2 class=\"elementor-heading-title elementor-size-default\">Produtos<\/h2>\t\t\t\t<\/div>\n\t\t\t\t<\/div>\n\t\t\t\t\t<\/div>\n\t\t<\/div>\n\t\t\t\t\t<\/div>\n\t\t<\/section>\n\t\t\t\t<section class=\"elementor-section elementor-top-section elementor-element elementor-element-6d7868a elementor-section-stretched elementor-section-boxed elementor-section-height-default elementor-section-height-default\" data-id=\"6d7868a\" data-element_type=\"section\" data-e-type=\"section\" data-settings=\"{&quot;stretch_section&quot;:&quot;section-stretched&quot;,&quot;background_background&quot;:&quot;classic&quot;}\">\n\t\t\t\t\t\t<div class=\"elementor-container elementor-column-gap-no\">\n\t\t\t\t\t<div class=\"elementor-column elementor-col-100 elementor-top-column elementor-element elementor-element-9270dc0 top column-style-top\" data-id=\"9270dc0\" data-element_type=\"column\" data-e-type=\"column\" data-settings=\"{&quot;background_background&quot;:&quot;classic&quot;}\">\n\t\t\t<div class=\"elementor-widget-wrap elementor-element-populated\">\n\t\t\t\t\t\t<div class=\"elementor-element elementor-element-ca052d5 elementor-widget elementor-widget-heading\" data-id=\"ca052d5\" data-element_type=\"widget\" data-e-type=\"widget\" data-widget_type=\"heading.default\">\n\t\t\t\t<div class=\"elementor-widget-container\">\n\t\t\t\t\t<h2 class=\"elementor-heading-title elementor-size-default\">In\u00edcio  \/ Produtos<\/h2>\t\t\t\t<\/div>\n\t\t\t\t<\/div>\n\t\t\t\t\t<\/div>\n\t\t<\/div>\n\t\t\t\t\t<\/div>\n\t\t<\/section>\n\t\t\t\t<section class=\"elementor-section elementor-top-section elementor-element elementor-element-c94150d elementor-section-boxed elementor-section-height-default elementor-section-height-default\" data-id=\"c94150d\" data-element_type=\"section\" data-e-type=\"section\" data-settings=\"{&quot;background_background&quot;:&quot;classic&quot;}\">\n\t\t\t\t\t\t<div class=\"elementor-container elementor-column-gap-default\">\n\t\t\t\t\t<div class=\"elementor-column elementor-col-50 elementor-top-column elementor-element elementor-element-b4887d9 top column-style-top\" data-id=\"b4887d9\" data-element_type=\"column\" data-e-type=\"column\" data-settings=\"{&quot;background_background&quot;:&quot;classic&quot;}\">\n\t\t\t<div class=\"elementor-widget-wrap elementor-element-populated\">\n\t\t\t\t\t\t<div class=\"elementor-element elementor-element-f14a76e elementor-widget elementor-widget-heading\" data-id=\"f14a76e\" data-element_type=\"widget\" data-e-type=\"widget\" data-widget_type=\"heading.default\">\n\t\t\t\t<div class=\"elementor-widget-container\">\n\t\t\t\t\t<h2 class=\"elementor-heading-title elementor-size-default\">SENSORES DE POSI\u00c7\u00c3O<\/h2>\t\t\t\t<\/div>\n\t\t\t\t<\/div>\n\t\t\t\t<div class=\"elementor-element elementor-element-b2abffa elementor-widget elementor-widget-text-editor\" data-id=\"b2abffa\" data-element_type=\"widget\" data-e-type=\"widget\" data-widget_type=\"text-editor.default\">\n\t\t\t\t<div class=\"elementor-widget-container\">\n\t\t\t\t\t\t\t\t\t<p class=\"product__name\"><a href=\"https:\/\/o3w.d87.myftpupload.com\/?page_id=11846\">MAGNETOESTRITIVOS<\/a><\/p><p class=\"product__name\"><a href=\"https:\/\/o3w.d87.myftpupload.com\/?page_id=11851\">POTENCI\u00d4METROS<\/a><\/p><p><a class=\"product__link\" href=\"https:\/\/o3w.d87.myftpupload.com\/?page_id=12056\">ROTARY<\/a><\/p><p class=\"product__name\"><a href=\"https:\/\/o3w.d87.myftpupload.com\/?page_id=11856\">ANGULARES<\/a><\/p><p class=\"product__name\"><a href=\"https:\/\/o3w.d87.myftpupload.com\/?page_id=11862\">INCLINA\u00c7\u00c3O<\/a><\/p><p class=\"product__name\"><a class=\"product__link\" href=\"https:\/\/o3w.d87.myftpupload.com\/?page_id=12061\">LINEAR BY WIRE<\/a><\/p><p><a class=\"product__link\" href=\"https:\/\/o3w.d87.myftpupload.com\/?page_id=12066\">LINEAR TWIIST<\/a><\/p>\t\t\t\t\t\t\t\t<\/div>\n\t\t\t\t<\/div>\n\t\t\t\t\t<\/div>\n\t\t<\/div>\n\t\t\t\t<div class=\"elementor-column elementor-col-50 elementor-top-column elementor-element elementor-element-f653da9 top column-style-top\" data-id=\"f653da9\" data-element_type=\"column\" data-e-type=\"column\" data-settings=\"{&quot;background_background&quot;:&quot;classic&quot;}\">\n\t\t\t<div class=\"elementor-widget-wrap elementor-element-populated\">\n\t\t\t\t\t\t<div class=\"elementor-element elementor-element-0875028 elementor-widget elementor-widget-heading\" data-id=\"0875028\" data-element_type=\"widget\" data-e-type=\"widget\" data-widget_type=\"heading.default\">\n\t\t\t\t<div class=\"elementor-widget-container\">\n\t\t\t\t\t<h2 class=\"elementor-heading-title elementor-size-default\">PLATAFORMAS DE AUTOMA\u00c7\u00c3O<\/h2>\t\t\t\t<\/div>\n\t\t\t\t<\/div>\n\t\t\t\t<div class=\"elementor-element elementor-element-a7ec20b elementor-widget elementor-widget-text-editor\" data-id=\"a7ec20b\" data-element_type=\"widget\" data-e-type=\"widget\" data-widget_type=\"text-editor.default\">\n\t\t\t\t<div class=\"elementor-widget-container\">\n\t\t\t\t\t\t\t\t\t<p class=\"product__name\"><a href=\"https:\/\/o3w.d87.myftpupload.com\/?page_id=11867\">PANEL PC \u00a0CPU<\/a><\/p><p class=\"product__name\"><a href=\"https:\/\/o3w.d87.myftpupload.com\/?page_id=11872\">I\/O REMOTAS<\/a><\/p><p class=\"product__name\"><a href=\"https:\/\/o3w.d87.myftpupload.com\/?page_id=11877\">TERMINAIS HMI<\/a><\/p><p class=\"product__name\"><a href=\"https:\/\/o3w.d87.myftpupload.com\/?page_id=11883\">CLP EM RACK<\/a><\/p><p class=\"product__name\"><a href=\"https:\/\/o3w.d87.myftpupload.com\/?page_id=11888\">AMBIENTES DE DESENVOLVIMENTO<\/a><\/p><p class=\"product__name\"><a href=\"https:\/\/o3w.d87.myftpupload.com\/?product_cat=templates\">MODELO<\/a><\/p><p class=\"product__name\"><a href=\"https:\/\/o3w.d87.myftpupload.com\/?page_id=11893\">CONECTIVIDADE 4.0<\/a><\/p><p class=\"product__name\"><a href=\"https:\/\/o3w.d87.myftpupload.com\/?page_id=11898\">PC&#8217;S INDUSTRIAIS<\/a><\/p>\t\t\t\t\t\t\t\t<\/div>\n\t\t\t\t<\/div>\n\t\t\t\t\t<\/div>\n\t\t<\/div>\n\t\t\t\t\t<\/div>\n\t\t<\/section>\n\t\t\t\t<section class=\"elementor-section elementor-top-section elementor-element elementor-element-448d36a elementor-section-boxed elementor-section-height-default elementor-section-height-default\" data-id=\"448d36a\" data-element_type=\"section\" data-e-type=\"section\" data-settings=\"{&quot;background_background&quot;:&quot;classic&quot;}\">\n\t\t\t\t\t\t<div class=\"elementor-container elementor-column-gap-default\">\n\t\t\t\t\t<div class=\"elementor-column elementor-col-50 elementor-top-column elementor-element elementor-element-02de125 top column-style-top\" data-id=\"02de125\" data-element_type=\"column\" data-e-type=\"column\" data-settings=\"{&quot;background_background&quot;:&quot;classic&quot;}\">\n\t\t\t<div class=\"elementor-widget-wrap elementor-element-populated\">\n\t\t\t\t\t\t<div class=\"elementor-element elementor-element-5935dc3 elementor-widget elementor-widget-heading\" data-id=\"5935dc3\" data-element_type=\"widget\" data-e-type=\"widget\" data-widget_type=\"heading.default\">\n\t\t\t\t<div class=\"elementor-widget-container\">\n\t\t\t\t\t<h2 class=\"elementor-heading-title elementor-size-default\">SENSORES DE PRESS\u00c3O<\/h2>\t\t\t\t<\/div>\n\t\t\t\t<\/div>\n\t\t\t\t<div class=\"elementor-element elementor-element-01e2a73 elementor-widget elementor-widget-text-editor\" data-id=\"01e2a73\" data-element_type=\"widget\" data-e-type=\"widget\" data-widget_type=\"text-editor.default\">\n\t\t\t\t<div class=\"elementor-widget-container\">\n\t\t\t\t\t\t\t\t\t<p class=\"product__name\"><a href=\"https:\/\/o3w.d87.myftpupload.com\/?page_id=11908\">INDUSTRIAL<\/a><\/p><p><a href=\"https:\/\/o3w.d87.myftpupload.com\/?page_id=11914\">MELT HIGH TEMPERATURE<\/a><\/p><p class=\"product__name\">\u00a0<\/p>\t\t\t\t\t\t\t\t<\/div>\n\t\t\t\t<\/div>\n\t\t\t\t\t<\/div>\n\t\t<\/div>\n\t\t\t\t<div class=\"elementor-column elementor-col-50 elementor-top-column elementor-element elementor-element-92df8f2 top column-style-top\" data-id=\"92df8f2\" data-element_type=\"column\" data-e-type=\"column\" data-settings=\"{&quot;background_background&quot;:&quot;classic&quot;}\">\n\t\t\t<div class=\"elementor-widget-wrap elementor-element-populated\">\n\t\t\t\t\t\t<div class=\"elementor-element elementor-element-7176257 elementor-widget elementor-widget-heading\" data-id=\"7176257\" data-element_type=\"widget\" data-e-type=\"widget\" data-widget_type=\"heading.default\">\n\t\t\t\t<div class=\"elementor-widget-container\">\n\t\t\t\t\t<h2 class=\"elementor-heading-title elementor-size-default\">ACIONADORES<\/h2>\t\t\t\t<\/div>\n\t\t\t\t<\/div>\n\t\t\t\t<div class=\"elementor-element elementor-element-3ea025b elementor-widget elementor-widget-text-editor\" data-id=\"3ea025b\" data-element_type=\"widget\" data-e-type=\"widget\" data-widget_type=\"text-editor.default\">\n\t\t\t\t<div class=\"elementor-widget-container\">\n\t\t\t\t\t\t\t\t\t<p class=\"product__name\" style=\"box-sizing: border-box; margin: 0px 0px 10px; padding: 0px; border: 0px; font-size: 14px; vertical-align: baseline; line-height: 22px; color: #58595b; font-family: van-condensed-regular; letter-spacing: 0.2px; text-transform: uppercase;\"><a href=\"https:\/\/o3w.d87.myftpupload.com\/?page_id=11920\">INVERSORES PARA APLICA\u00c7\u00d5ES INDUSTRIAIS<\/a><\/p><p class=\"product__name\" style=\"box-sizing: border-box; margin: 0px 0px 10px; padding: 0px; border: 0px; font-size: 14px; vertical-align: baseline; line-height: 22px; color: #58595b; font-family: van-condensed-regular; letter-spacing: 0.2px; text-transform: uppercase;\"><a href=\"https:\/\/o3w.d87.myftpupload.com\/?page_id=11925\">INVERSORES PARA ELEVADORES<\/a><\/p><p><a href=\"https:\/\/o3w.d87.myftpupload.com\/?page_id=11930\">DC DRIVERI<\/a><\/p><p class=\"product__name\" style=\"box-sizing: border-box; margin: 0px 0px 10px; padding: 0px; border: 0px; font-size: 14px; vertical-align: baseline; line-height: 22px; color: #58595b; font-family: van-condensed-regular; letter-spacing: 0.2px; text-transform: uppercase;\"><a href=\"https:\/\/o3w.d87.myftpupload.com\/?page_id=11935\">MOTORES<\/a><\/p><p class=\"product__name\" style=\"box-sizing: border-box; margin: 0px 0px 10px; padding: 0px; border: 0px; font-size: 14px; vertical-align: baseline; line-height: 22px; color: #58595b; font-family: van-condensed-regular; letter-spacing: 0.2px; text-transform: uppercase;\"><a href=\"https:\/\/o3w.d87.myftpupload.com\/?page_id=11940\">FONTES DE ALIMENTA\u00c7\u00c3O CA\/CC E REGENERATIVAS<\/a><\/p><p class=\"product__name\" style=\"box-sizing: border-box; margin: 0px 0px 10px; padding: 0px; border: 0px; font-size: 14px; vertical-align: baseline; line-height: 22px; color: #58595b; font-family: van-condensed-regular; letter-spacing: 0.2px; text-transform: uppercase;\"><a href=\"https:\/\/o3w.d87.myftpupload.com\/?page_id=11949\">CONFIGURA\u00c7\u00d5ES ESPECIAIS<\/a><\/p>\t\t\t\t\t\t\t\t<\/div>\n\t\t\t\t<\/div>\n\t\t\t\t\t<\/div>\n\t\t<\/div>\n\t\t\t\t\t<\/div>\n\t\t<\/section>\n\t\t\t\t<section class=\"elementor-section elementor-top-section elementor-element elementor-element-590e368 elementor-section-boxed elementor-section-height-default elementor-section-height-default\" data-id=\"590e368\" data-element_type=\"section\" data-e-type=\"section\" data-settings=\"{&quot;background_background&quot;:&quot;classic&quot;}\">\n\t\t\t\t\t\t<div class=\"elementor-container elementor-column-gap-default\">\n\t\t\t\t\t<div class=\"elementor-column elementor-col-50 elementor-top-column elementor-element elementor-element-09d5a4e top column-style-top\" data-id=\"09d5a4e\" data-element_type=\"column\" data-e-type=\"column\" data-settings=\"{&quot;background_background&quot;:&quot;classic&quot;}\">\n\t\t\t<div class=\"elementor-widget-wrap elementor-element-populated\">\n\t\t\t\t\t\t<div class=\"elementor-element elementor-element-7f95fc5 elementor-widget elementor-widget-heading\" data-id=\"7f95fc5\" data-element_type=\"widget\" data-e-type=\"widget\" data-widget_type=\"heading.default\">\n\t\t\t\t<div class=\"elementor-widget-container\">\n\t\t\t\t\t<h2 class=\"elementor-heading-title elementor-size-default\">SENSORES DE TEMPERATURA<\/h2>\t\t\t\t<\/div>\n\t\t\t\t<\/div>\n\t\t\t\t<div class=\"elementor-element elementor-element-53d4ea4 elementor-widget elementor-widget-text-editor\" data-id=\"53d4ea4\" data-element_type=\"widget\" data-e-type=\"widget\" data-widget_type=\"text-editor.default\">\n\t\t\t\t<div class=\"elementor-widget-container\">\n\t\t\t\t\t\t\t\t\t<p class=\"product__name\"><a href=\"https:\/\/o3w.d87.myftpupload.com\/?page_id=11954\">TERMOPARES<\/a><\/p><p class=\"product__name\"><a href=\"https:\/\/o3w.d87.myftpupload.com\/?page_id=11959\">TERMOMETROS DE RESIST\u00caNCIA<\/a><\/p>\t\t\t\t\t\t\t\t<\/div>\n\t\t\t\t<\/div>\n\t\t\t\t\t<\/div>\n\t\t<\/div>\n\t\t\t\t<div class=\"elementor-column elementor-col-50 elementor-top-column elementor-element elementor-element-6aef1a8 top column-style-top\" data-id=\"6aef1a8\" data-element_type=\"column\" data-e-type=\"column\" data-settings=\"{&quot;background_background&quot;:&quot;classic&quot;}\">\n\t\t\t<div class=\"elementor-widget-wrap elementor-element-populated\">\n\t\t\t\t\t\t<div class=\"elementor-element elementor-element-25218c3 elementor-widget elementor-widget-heading\" data-id=\"25218c3\" data-element_type=\"widget\" data-e-type=\"widget\" data-widget_type=\"heading.default\">\n\t\t\t\t<div class=\"elementor-widget-container\">\n\t\t\t\t\t<h2 class=\"elementor-heading-title elementor-size-default\">SERVOACIONADORES E MOTORES<\/h2>\t\t\t\t<\/div>\n\t\t\t\t<\/div>\n\t\t\t\t<div class=\"elementor-element elementor-element-243eecd elementor-widget elementor-widget-text-editor\" data-id=\"243eecd\" data-element_type=\"widget\" data-e-type=\"widget\" data-widget_type=\"text-editor.default\">\n\t\t\t\t<div class=\"elementor-widget-container\">\n\t\t\t\t\t\t\t\t\t<p class=\"product__name\"><a href=\"https:\/\/o3w.d87.myftpupload.com\/?page_id=11964\">SERVOACIONADORES<\/a><\/p><p class=\"product__name\"><a href=\"https:\/\/o3w.d87.myftpupload.com\/?page_id=11935\">MOTORES<\/a><\/p><p class=\"product__name\"><a href=\"https:\/\/o3w.d87.myftpupload.com\/?page_id=11969\">MOTORES INTEGRADOS<\/a><\/p>\t\t\t\t\t\t\t\t<\/div>\n\t\t\t\t<\/div>\n\t\t\t\t\t<\/div>\n\t\t<\/div>\n\t\t\t\t\t<\/div>\n\t\t<\/section>\n\t\t\t\t<section class=\"elementor-section elementor-top-section elementor-element elementor-element-74fc9a8 elementor-section-boxed elementor-section-height-default elementor-section-height-default\" data-id=\"74fc9a8\" data-element_type=\"section\" data-e-type=\"section\" data-settings=\"{&quot;background_background&quot;:&quot;classic&quot;}\">\n\t\t\t\t\t\t<div class=\"elementor-container elementor-column-gap-default\">\n\t\t\t\t\t<div class=\"elementor-column elementor-col-50 elementor-top-column elementor-element elementor-element-0733948 top column-style-top\" data-id=\"0733948\" data-element_type=\"column\" data-e-type=\"column\" data-settings=\"{&quot;background_background&quot;:&quot;classic&quot;}\">\n\t\t\t<div class=\"elementor-widget-wrap elementor-element-populated\">\n\t\t\t\t\t\t<div class=\"elementor-element elementor-element-275176a elementor-widget elementor-widget-heading\" data-id=\"275176a\" data-element_type=\"widget\" data-e-type=\"widget\" data-widget_type=\"heading.default\">\n\t\t\t\t<div class=\"elementor-widget-container\">\n\t\t\t\t\t<h2 class=\"elementor-heading-title elementor-size-default\">CONTROLADORES E INDICADORES<\/h2>\t\t\t\t<\/div>\n\t\t\t\t<\/div>\n\t\t\t\t<div class=\"elementor-element elementor-element-5a680af elementor-widget elementor-widget-text-editor\" data-id=\"5a680af\" data-element_type=\"widget\" data-e-type=\"widget\" data-settings=\"{&quot;_animation&quot;:&quot;none&quot;}\" data-widget_type=\"text-editor.default\">\n\t\t\t\t<div class=\"elementor-widget-container\">\n\t\t\t\t\t\t\t\t\t<p class=\"product__name\" style=\"box-sizing: border-box; margin: 0px 0px 10px; padding: 0px; border: 0px; font-size: 14px; vertical-align: baseline; line-height: 22px; color: #58595b; font-family: van-condensed-regular; letter-spacing: 0.2px; text-transform: uppercase; background-color: #ffffff;\"><a href=\"https:\/\/o3w.d87.myftpupload.com\/?page_id=11975\">CONTROLADORES E PROGRAMADORES<\/a><\/p><p><a class=\"product__link\" href=\"https:\/\/o3w.d87.myftpupload.com\/?page_id=12074\">INDICATORS AND ALARM UNITS<\/a><\/p><p class=\"product__name\" style=\"box-sizing: border-box; margin: 0px 0px 10px; padding: 0px; border: 0px; font-size: 14px; vertical-align: baseline; line-height: 22px; color: #58595b; font-family: van-condensed-regular; letter-spacing: 0.2px; text-transform: uppercase; background-color: #ffffff;\">\u00a0<\/p><p>\u00a0<\/p>\t\t\t\t\t\t\t\t<\/div>\n\t\t\t\t<\/div>\n\t\t\t\t\t<\/div>\n\t\t<\/div>\n\t\t\t\t<div class=\"elementor-column elementor-col-50 elementor-top-column elementor-element elementor-element-8b4f4fe top column-style-top\" data-id=\"8b4f4fe\" data-element_type=\"column\" data-e-type=\"column\" data-settings=\"{&quot;background_background&quot;:&quot;classic&quot;}\">\n\t\t\t<div class=\"elementor-widget-wrap elementor-element-populated\">\n\t\t\t\t\t\t<div class=\"elementor-element elementor-element-20ccdbe elementor-widget elementor-widget-heading\" data-id=\"20ccdbe\" data-element_type=\"widget\" data-e-type=\"widget\" data-widget_type=\"heading.default\">\n\t\t\t\t<div class=\"elementor-widget-container\">\n\t\t\t\t\t<h2 class=\"elementor-heading-title elementor-size-default\">SOLU\u00c7\u00d5ES DE GABINETES<\/h2>\t\t\t\t<\/div>\n\t\t\t\t<\/div>\n\t\t\t\t<div class=\"elementor-element elementor-element-9304507 elementor-widget elementor-widget-text-editor\" data-id=\"9304507\" data-element_type=\"widget\" data-e-type=\"widget\" data-widget_type=\"text-editor.default\">\n\t\t\t\t<div class=\"elementor-widget-container\">\n\t\t\t\t\t\t\t\t\t<p class=\"product__name\"><a href=\"https:\/\/o3w.d87.myftpupload.com\/?page_id=11980\">SOLU\u00c7\u00d5ES DE CHAVE NA M\u00c3O<\/a><\/p><p class=\"product__name\"><a href=\"https:\/\/o3w.d87.myftpupload.com\/?page_id=11985\">INVERSOR DE GABINETE<\/a><\/p><p class=\"product__name\"><a href=\"https:\/\/o3w.d87.myftpupload.com\/?page_id=11993\">CONTROLADOR HOT RUNNER<\/a><\/p><p class=\"product__name\"><a href=\"https:\/\/o3w.d87.myftpupload.com\/?page_id=11998\">REFORMA E RETROFIT<\/a><\/p>\t\t\t\t\t\t\t\t<\/div>\n\t\t\t\t<\/div>\n\t\t\t\t\t<\/div>\n\t\t<\/div>\n\t\t\t\t\t<\/div>\n\t\t<\/section>\n\t\t\t\t<section class=\"elementor-section elementor-top-section elementor-element elementor-element-cd51494 elementor-section-boxed elementor-section-height-default elementor-section-height-default\" data-id=\"cd51494\" data-element_type=\"section\" data-e-type=\"section\" data-settings=\"{&quot;background_background&quot;:&quot;classic&quot;,&quot;animation&quot;:&quot;none&quot;}\">\n\t\t\t\t\t\t\t<div class=\"elementor-background-overlay\"><\/div>\n\t\t\t\t\t\t\t<div class=\"elementor-container elementor-column-gap-default\">\n\t\t\t\t\t<div class=\"elementor-column elementor-col-50 elementor-top-column elementor-element elementor-element-a081555 top column-style-top\" data-id=\"a081555\" data-element_type=\"column\" data-e-type=\"column\" data-settings=\"{&quot;background_background&quot;:&quot;classic&quot;}\">\n\t\t\t<div class=\"elementor-widget-wrap elementor-element-populated\">\n\t\t\t\t\t\t<div class=\"elementor-element elementor-element-362e92b elementor-widget elementor-widget-heading\" data-id=\"362e92b\" data-element_type=\"widget\" data-e-type=\"widget\" data-widget_type=\"heading.default\">\n\t\t\t\t<div class=\"elementor-widget-container\">\n\t\t\t\t\t<h2 class=\"elementor-heading-title elementor-size-default\">CONTROLE DE POT\u00caNCIA<\/h2>\t\t\t\t<\/div>\n\t\t\t\t<\/div>\n\t\t\t\t<div class=\"elementor-element elementor-element-51f3e3a elementor-widget elementor-widget-text-editor\" data-id=\"51f3e3a\" data-element_type=\"widget\" data-e-type=\"widget\" data-settings=\"{&quot;_animation&quot;:&quot;none&quot;}\" data-widget_type=\"text-editor.default\">\n\t\t\t\t<div class=\"elementor-widget-container\">\n\t\t\t\t\t\t\t\t\t<p class=\"product__name\"><a href=\"https:\/\/o3w.d87.myftpupload.com\/?page_id=12003\">CONTROLADORES DE POT\u00caNCIA<\/a><\/p><p class=\"product__name\"><a href=\"https:\/\/o3w.d87.myftpupload.com\/?page_id=12008\">REL\u00c9S DE ESTADO S\u00d3LIDO COM\/SEM DISSIPADOR DE CALOR<\/a><\/p><p class=\"product__name\"><a href=\"https:\/\/o3w.d87.myftpupload.com\/?page_id=12013\">FIELDBUS<\/a><\/p>\t\t\t\t\t\t\t\t<\/div>\n\t\t\t\t<\/div>\n\t\t\t\t\t<\/div>\n\t\t<\/div>\n\t\t\t\t<div class=\"elementor-column elementor-col-50 elementor-top-column elementor-element elementor-element-0a1fcb4 top column-style-top\" data-id=\"0a1fcb4\" data-element_type=\"column\" data-e-type=\"column\" data-settings=\"{&quot;background_background&quot;:&quot;classic&quot;}\">\n\t\t\t<div class=\"elementor-widget-wrap elementor-element-populated\">\n\t\t\t\t\t\t\t<\/div>\n\t\t<\/div>\n\t\t\t\t\t<\/div>\n\t\t<\/section>\n\t\t\t\t<section class=\"elementor-section elementor-top-section elementor-element elementor-element-82d35cf elementor-section-boxed elementor-section-height-default elementor-section-height-default\" data-id=\"82d35cf\" data-element_type=\"section\" data-e-type=\"section\">\n\t\t\t\t\t\t<div class=\"elementor-container elementor-column-gap-default\">\n\t\t\t\t\t<div class=\"elementor-column elementor-col-100 elementor-top-column elementor-element elementor-element-4cde510 top column-style-top\" data-id=\"4cde510\" data-element_type=\"column\" data-e-type=\"column\">\n\t\t\t<div class=\"elementor-widget-wrap elementor-element-populated\">\n\t\t\t\t\t\t<div class=\"elementor-element elementor-element-f759766 elementor-widget elementor-widget-video\" data-id=\"f759766\" data-element_type=\"widget\" data-e-type=\"widget\" data-settings=\"{&quot;youtube_url&quot;:&quot;https:\\\/\\\/www.youtube.com\\\/watch?v=k9zvktEQuA0&quot;,&quot;video_type&quot;:&quot;youtube&quot;,&quot;controls&quot;:&quot;yes&quot;}\" data-widget_type=\"video.default\">\n\t\t\t\t<div class=\"elementor-widget-container\">\n\t\t\t\t\t\t\t<div class=\"elementor-wrapper elementor-open-inline\">\n\t\t\t<div class=\"elementor-video\"><\/div>\t\t<\/div>\n\t\t\t\t\t\t<\/div>\n\t\t\t\t<\/div>\n\t\t\t\t\t<\/div>\n\t\t<\/div>\n\t\t\t\t\t<\/div>\n\t\t<\/section>\n\t\t\t\t<\/div>\n\t\t","protected":false},"excerpt":{"rendered":"<p>Produtos In\u00edcio \/ Produtos SENSORES DE POSI\u00c7\u00c3O MAGNETOESTRITIVOS POTENCI\u00d4METROS ROTARY ANGULARES INCLINA\u00c7\u00c3O LINEAR BY WIRE LINEAR TWIIST PLATAFORMAS DE AUTOMA\u00c7\u00c3O PANEL PC \u00a0CPU I\/O REMOTAS TERMINAIS HMI CLP EM RACK AMBIENTES DE DESENVOLVIMENTO MODELO CONECTIVIDADE 4.0 PC&#8217;S INDUSTRIAIS SENSORES DE PRESS\u00c3O INDUSTRIAL MELT HIGH TEMPERATURE \u00a0 ACIONADORES INVERSORES PARA APLICA\u00c7\u00d5ES INDUSTRIAIS INVERSORES PARA ELEVADORES DC [&hellip;]<\/p>\n","protected":false},"author":1,"featured_media":0,"parent":0,"menu_order":0,"comment_status":"closed","ping_status":"closed","template":"elementor_header_footer","meta":{"_coblocks_attr":"","_coblocks_dimensions":"","_coblocks_responsive_height":"","_coblocks_accordion_ie_support":"","footnotes":""},"class_list":["post-11104","page","type-page","status-publish","hentry"],"_links":{"self":[{"href":"https:\/\/satechmanutencao.com.br\/index.php?rest_route=\/wp\/v2\/pages\/11104","targetHints":{"allow":["GET"]}}],"collection":[{"href":"https:\/\/satechmanutencao.com.br\/index.php?rest_route=\/wp\/v2\/pages"}],"about":[{"href":"https:\/\/satechmanutencao.com.br\/index.php?rest_route=\/wp\/v2\/types\/page"}],"author":[{"embeddable":true,"href":"https:\/\/satechmanutencao.com.br\/index.php?rest_route=\/wp\/v2\/users\/1"}],"replies":[{"embeddable":true,"href":"https:\/\/satechmanutencao.com.br\/index.php?rest_route=%2Fwp%2Fv2%2Fcomments&post=11104"}],"version-history":[{"count":98,"href":"https:\/\/satechmanutencao.com.br\/index.php?rest_route=\/wp\/v2\/pages\/11104\/revisions"}],"predecessor-version":[{"id":12640,"href":"https:\/\/satechmanutencao.com.br\/index.php?rest_route=\/wp\/v2\/pages\/11104\/revisions\/12640"}],"wp:attachment":[{"href":"https:\/\/satechmanutencao.com.br\/index.php?rest_route=%2Fwp%2Fv2%2Fmedia&parent=11104"}],"curies":[{"name":"wp","href":"https:\/\/api.w.org\/{rel}","templated":true}]}}